{"id":309,"date":"2023-05-10T11:53:29","date_gmt":"2023-05-10T11:53:29","guid":{"rendered":"https:\/\/igrejaemlisboa.org\/?page_id=309"},"modified":"2026-04-24T10:31:53","modified_gmt":"2026-04-24T10:31:53","slug":"home-page","status":"publish","type":"page","link":"https:\/\/igrejaemlisboa.org\/","title":{"rendered":"Home Page"},"content":{"rendered":"<p><img fetchpriority=\"high\" decoding=\"async\" width=\"2560\" height=\"596\" src=\"https:\/\/igrejaemlisboa.org\/wp-content\/uploads\/2023\/05\/photo_home_header.png\" alt=\"\" srcset=\"https:\/\/igrejaemlisboa.org\/wp-content\/uploads\/2023\/05\/photo_home_header.png 2560w, https:\/\/igrejaemlisboa.org\/wp-content\/uploads\/2023\/05\/photo_home_header-300x70.png 300w, https:\/\/igrejaemlisboa.org\/wp-content\/uploads\/2023\/05\/photo_home_header-1024x238.png 1024w, https:\/\/igrejaemlisboa.org\/wp-content\/uploads\/2023\/05\/photo_home_header-768x179.png 768w, https:\/\/igrejaemlisboa.org\/wp-content\/uploads\/2023\/05\/photo_home_header-1536x358.png 1536w, https:\/\/igrejaemlisboa.org\/wp-content\/uploads\/2023\/05\/photo_home_header-2048x477.png 2048w\" sizes=\"(max-width: 2560px) 100vw, 2560px\" \/>\t\t\t\t\t\t\t\t\t\t\t\t\t\t\t<\/p>\n<h1>Sejam muito bem vindos <br \/>ao site da igreja em Lisboa<\/h1>\n<p>\t\t\t\t\t<a href=\"https:\/\/igrejaemlisboa.org\/index.php\/quem-somos\/\"><br \/>\n\t\t\t\t\t\t\t\t\tQuem somos<br \/>\n\t\t\t\t\t<\/a><br \/>\n\t\t\t\t\t\t\t\t\t\t\t\t\t\t\t<img decoding=\"async\" src=\"https:\/\/igrejaemlisboa.org\/wp-content\/uploads\/elementor\/thumbs\/aayush-gupta-ljhCEaHYWJ8-unsplash-scaled-q6lwjhvvdn5rzdk0r17ywdkmxe18w5xrczkqzvsjns.jpg\" title=\"aayush-gupta-ljhCEaHYWJ8-unsplash\" alt=\"Calend\u00e1rio\" loading=\"lazy\" \/>\t\t\t\t\t\t\t\t\t\t\t\t\t\t\t<\/p>\n<blockquote>\n<p>\n\t\t\t\t\u201cIsso \u00e9 bom e aceit\u00e1vel diante de Deus, nosso Salvador, o qual deseja que todos os homens sejam salvos e cheguem ao pleno conhecimento da verdade.\n\t\t\t<\/p>\n<p>\t\t\t\t\t\t\t\t\t\t\t<cite>1 Tim\u00f3teo 2:3-4<\/cite>\n\t\t\t\t\t<\/p><\/blockquote>\n<h3>Em que cremos<\/h3>\n<p>Veja os 7 pontos da nossa declara\u00e7\u00e3o de f\u00e9<\/p>\n<p>\t\t\t\t\t<a href=\"https:\/\/igrejaemlisboa.org\/index.php\/crencas\/\" rel=\"nofollow\"><br \/>\n\t\t\t\t\t\t\t\t\tDeclara\u00e7\u00e3o de f\u00e9<br \/>\n\t\t\t\t\t<\/a><br \/>\n\t\t\t\t\t\t\t\t\t\t\t\t\t\t\t<img decoding=\"async\" src=\"https:\/\/igrejaemlisboa.org\/wp-content\/uploads\/elementor\/thumbs\/michiel-annaert-InxB1SWvuwQ-unsplash-scaled-q6lwj3saj4mh584i1d4kcz4q0lyqopdsb1sgsqdg94.jpg\" title=\"michiel-annaert-InxB1SWvuwQ-unsplash\" alt=\"Cren\u00e7as\" loading=\"lazy\" \/>\t\t\t\t\t\t\t\t\t\t\t\t\t\t\t<\/p>\n<ul>\n<li>\n\t\t\t\t\t\t\t\t\t\t\t<a href=\"https:\/\/www.google.com\/maps?ll=38.766358,-9.155066&#038;z=10&#038;t=m&#038;hl=en-GB&#038;gl=US&#038;mapclient=embed&#038;q=R.+Prof.+Salazar+de+Sousa+16A+1769-027+Lisboa\"><br \/>\n\t\t\t\t\t\t\t\t\t\t\tLocal de reuni\u00e3o: Rua Professor Salazar de Souza 16A 1750-233 Lisboa<br \/>\n\t\t\t\t\t\t\t\t\t\t\t<\/a>\n\t\t\t\t\t\t\t\t\t<\/li>\n<li>\n\t\t\t\t\t\t\t\t\t\tDomingo das 10h as 12h\n\t\t\t\t\t\t\t\t\t<\/li>\n<\/ul>\n","protected":false},"excerpt":{"rendered":"<p>Sejam muito bem vindos ao site da igreja em Lisboa Quem somos \u201cIsso \u00e9 bom e aceit\u00e1vel diante de Deus, nosso Salvador, o qual deseja que todos os homens sejam salvos e cheguem ao pleno conhecimento da verdade. 1 Tim\u00f3teo 2:3-4 Em que cremos Veja os 7 pontos da nossa declara\u00e7\u00e3o de f\u00e9 Declara\u00e7\u00e3o de [&hellip;]<\/p>\n","protected":false},"author":4,"featured_media":0,"parent":0,"menu_order":0,"comment_status":"closed","ping_status":"closed","template":"","meta":{"footnotes":""},"class_list":["post-309","page","type-page","status-publish","hentry"],"_links":{"self":[{"href":"https:\/\/igrejaemlisboa.org\/index.php\/wp-json\/wp\/v2\/pages\/309","targetHints":{"allow":["GET"]}}],"collection":[{"href":"https:\/\/igrejaemlisboa.org\/index.php\/wp-json\/wp\/v2\/pages"}],"about":[{"href":"https:\/\/igrejaemlisboa.org\/index.php\/wp-json\/wp\/v2\/types\/page"}],"author":[{"embeddable":true,"href":"https:\/\/igrejaemlisboa.org\/index.php\/wp-json\/wp\/v2\/users\/4"}],"replies":[{"embeddable":true,"href":"https:\/\/igrejaemlisboa.org\/index.php\/wp-json\/wp\/v2\/comments?post=309"}],"version-history":[{"count":230,"href":"https:\/\/igrejaemlisboa.org\/index.php\/wp-json\/wp\/v2\/pages\/309\/revisions"}],"predecessor-version":[{"id":3025,"href":"https:\/\/igrejaemlisboa.org\/index.php\/wp-json\/wp\/v2\/pages\/309\/revisions\/3025"}],"wp:attachment":[{"href":"https:\/\/igrejaemlisboa.org\/index.php\/wp-json\/wp\/v2\/media?parent=309"}],"curies":[{"name":"wp","href":"https:\/\/api.w.org\/{rel}","templated":true}]}}

<p><img fetchpriority="high" decoding="async" width="2560" height="596" src="https://igrejaemlisboa.org/wp-content/uploads/2023/05/photo_home_header.png" alt="" srcset="https://igrejaemlisboa.org/wp-content/uploads/2023/05/photo_home_header.png 2560w, https://igrejaemlisboa.org/wp-content/uploads/2023/05/photo_home_header-300x70.png 300w, https://igrejaemlisboa.org/wp-content/uploads/2023/05/photo_home_header-1024x238.png 1024w, https://igrejaemlisboa.org/wp-content/uploads/2023/05/photo_home_header-768x179.png 768w, https://igrejaemlisboa.org/wp-content/uploads/2023/05/photo_home_header-1536x358.png 1536w, https://igrejaemlisboa.org/wp-content/uploads/2023/05/photo_home_header-2048x477.png 2048w" sizes="(max-width: 2560px) 100vw, 2560px" />															</p>
<h1>Sejam muito bem vindos <br />ao site da igreja em Lisboa</h1>
<p>					<a href="https://igrejaemlisboa.org/index.php/quem-somos/"><br />
									Quem somos<br />
					</a><br />
															<img decoding="async" src="https://igrejaemlisboa.org/wp-content/uploads/elementor/thumbs/aayush-gupta-ljhCEaHYWJ8-unsplash-scaled-q6lwjhvvdn5rzdk0r17ywdkmxe18w5xrczkqzvsjns.jpg" title="aayush-gupta-ljhCEaHYWJ8-unsplash" alt="Calendário" loading="lazy" />															</p>
<blockquote>
<p>
				“Isso é bom e aceitável diante de Deus, nosso Salvador, o qual deseja que todos os homens sejam salvos e cheguem ao pleno conhecimento da verdade.
			</p>
<p>											<cite>1 Timóteo 2:3-4</cite>
					</p></blockquote>
<h3>Em que cremos</h3>
<p>Veja os 7 pontos da nossa declaração de fé</p>
<p>					<a href="https://igrejaemlisboa.org/index.php/crencas/" rel="nofollow"><br />
									Declaração de fé<br />
					</a><br />
															<img decoding="async" src="https://igrejaemlisboa.org/wp-content/uploads/elementor/thumbs/michiel-annaert-InxB1SWvuwQ-unsplash-scaled-q6lwj3saj4mh584i1d4kcz4q0lyqopdsb1sgsqdg94.jpg" title="michiel-annaert-InxB1SWvuwQ-unsplash" alt="Crenças" loading="lazy" />															</p>
<ul>
<li>
											<a href="https://www.google.com/maps?ll=38.766358,-9.155066&#038;z=10&#038;t=m&#038;hl=en-GB&#038;gl=US&#038;mapclient=embed&#038;q=R.+Prof.+Salazar+de+Sousa+16A+1769-027+Lisboa"><br />
											Local de reunião: Rua Professor Salazar de Souza 16A 1750-233 Lisboa<br />
											</a>
									</li>
<li>
										Domingo das 10h as 12h
									</li>
</ul>

<p>Sejam muito bem vindos ao site da igreja em Lisboa Quem somos “Isso é bom e aceitável diante de Deus, nosso Salvador, o qual deseja que todos os homens sejam salvos e cheguem ao pleno conhecimento da verdade. 1 Timóteo 2:3-4 Em que cremos Veja os 7 pontos da nossa declaração de fé Declaração de [&hellip;]</p>
